{"id":117,"date":"2014-10-09T12:43:19","date_gmt":"2014-10-09T10:43:19","guid":{"rendered":"http:\/\/fdvseyssins.fr\/wordpress\/?page_id=117"},"modified":"2024-10-04T17:31:32","modified_gmt":"2024-10-04T15:31:32","slug":"acces-bureau","status":"publish","type":"page","link":"https:\/\/fdvseyssins.fr\/wordpress\/accueil\/acces-bureau\/","title":{"rendered":"Acc\u00e8s bureau"},"content":{"rendered":"\n<p>Bienvenue dans la page r\u00e9serv\u00e9e aux membres du bureau !<\/p>\n\n\n\n<p>Cette page renvoie vers des fonctionnalit\u00e9s pouvant n\u00e9cessiter login et mot de passe.<\/p>\n\n\n\n<p>Elle sera compl\u00e9t\u00e9e au fur et \u00e0 mesure de l&rsquo;avancement du travail sur les formulaires de la base de donn\u00e9es.<\/p>\n\n\n\n<h1 class=\"wp-block-heading\">Enregistrement des infos adh\u00e9rents<\/h1>\n\n\n\n<ul class=\"wp-block-list\">\n<li>La page de <a href=\"http:\/\/www.fdvseyssins.fr\/site\/acces_bureau\/gestion_2015_2016.html\" target=\"_blank\" rel=\"noopener\">gestion<\/a> pour :\n<ul class=\"wp-block-list\">\n<li>Enregistrer les infos adh\u00e9rents,<\/li>\n\n\n\n<li>Enregistrer les adh\u00e9sions,<\/li>\n\n\n\n<li>Enregistrer les commandes de mat\u00e9riel<\/li>\n\n\n\n<li>Enregistrer les paiements<\/li>\n<\/ul>\n<\/li>\n<\/ul>\n\n\n\n<h1 class=\"wp-block-heading\">Etat des adh\u00e9sions<\/h1>\n\n\n\n<ul class=\"wp-block-list\">\n<li>Consulter <a title=\"Liste des adh\u00e9rents de la saison en cours\" href=\"http:\/\/www.fdvseyssins.fr\/site\/acces_bureau\/liste_adherents.php\" target=\"_blank\" rel=\"noopener\">la liste des adh\u00e9rents de la\u00a0saison en cours<\/a>\u00a0(Acc\u00e8s s\u00e9curis\u00e9)<\/li>\n\n\n\n<li>Consulter la<a title=\"Lien vers la liste des mineurs et adulte responsable\" href=\"http:\/\/www.fdvseyssins.fr\/site\/acces_bureau\/liste_mineurs.php\" target=\"_blank\" rel=\"noopener\"> liste des adh\u00e9rents mineurs et de l&rsquo;adulte responsable <\/a>(Acc\u00e8s s\u00e9curis\u00e9)<\/li>\n<\/ul>\n\n\n\n<h1 class=\"wp-block-heading\">Liste des adresses mail<\/h1>\n\n\n\n<ul class=\"wp-block-list\">\n<li>R\u00e9cup\u00e9rer<a title=\"Liste de diffusions par cr\u00e9neau\" href=\"http:\/\/www.fdvseyssins.fr\/site\/acces_bureau\/listes_mails.php\" target=\"_blank\" rel=\"noopener\"> les listes d&rsquo;adresses emails <\/a>(Acc\u00e8s s\u00e9curis\u00e9)<\/li>\n<\/ul>\n\n\n\n<h1 class=\"wp-block-heading\">Etat des paiements<\/h1>\n\n\n\n<ul class=\"wp-block-list\">\n<li>Consulter les <a title=\"Soldes par adh\u00e9rents\" href=\"http:\/\/www.fdvseyssins.fr\/site\/acces_bureau\/soldes_adherents.php\" target=\"_blank\" rel=\"noopener\">soldes par adh\u00e9rents<\/a>\u00a0(Acc\u00e8s s\u00e9curis\u00e9)<\/li>\n\n\n\n<li>Consulter la <a title=\"Liste des paiements\" href=\"http:\/\/www.fdvseyssins.fr\/site\/acces_bureau\/liste_paiements\" target=\"_blank\" rel=\"noopener\">liste des paiements<\/a>\u00a0(Acc\u00e8s s\u00e9curis\u00e9)<\/li>\n<\/ul>\n\n\n\n<h1 class=\"wp-block-heading\">Statistiques<\/h1>\n\n\n\n<ul class=\"wp-block-list\">\n<li>Consulter les<a title=\"Statistiques adh\u00e9rents de la saison en cours\" href=\"http:\/\/www.fdvseyssins.fr\/site\/stats\/stats.php\" target=\"_blank\" rel=\"noopener\"> statistiques de la saison en cours<\/a>\u00a0(Acc\u00e8s libre)<\/li>\n<\/ul>\n\n\n\n<h1 class=\"wp-block-heading\">Archives<\/h1>\n\n\n\n<ul class=\"wp-block-list\">\n<li>Consulter la <a href=\"http:\/\/www.fdvseyssins.fr\/site\/acces_bureau\/liste_adherents_2014-2015.php\" target=\"_blank\" rel=\"noopener\">liste des adh\u00e9rents de la saison 2014-2015 <\/a>(Acc\u00e8s s\u00e9curis\u00e9)<\/li>\n\n\n\n<li>Consulter les <a href=\"http:\/\/www.fdvseyssins.fr\/site\/stats\/stats_2014-2015.php\" target=\"_blank\" rel=\"noopener\">statistiques de la saison 2014-2015 <\/a>(Acc\u00e8s libre)<\/li>\n<\/ul>\n\n\n\n\n","protected":false},"excerpt":{"rendered":"<p>Bienvenue dans la page r\u00e9serv\u00e9e aux membres du bureau ! Cette page renvoie vers des fonctionnalit\u00e9s pouvant n\u00e9cessiter login et mot de passe. Elle sera compl\u00e9t\u00e9e au fur et \u00e0 mesure de l&rsquo;avancement du travail sur les formulaires de la base de donn\u00e9es. Enregistrement des infos adh\u00e9rents Etat des adh\u00e9sions Liste des adresses mail Etat &hellip; <a href=\"https:\/\/fdvseyssins.fr\/wordpress\/accueil\/acces-bureau\/\" class=\"more-link\">Continuer la lecture de <span class=\"screen-reader-text\">Acc\u00e8s bureau<\/span>  <span class=\"meta-nav\">&rarr;<\/span><\/a><\/p>\n","protected":false},"author":1,"featured_media":0,"parent":2,"menu_order":10,"comment_status":"open","ping_status":"open","template":"","meta":{"_mc_calendar":[],"footnotes":""},"class_list":["post-117","page","type-page","status-publish","hentry"],"_links":{"self":[{"href":"https:\/\/fdvseyssins.fr\/wordpress\/wp-json\/wp\/v2\/pages\/117","targetHints":{"allow":["GET"]}}],"collection":[{"href":"https:\/\/fdvseyssins.fr\/wordpress\/wp-json\/wp\/v2\/pages"}],"about":[{"href":"https:\/\/fdvseyssins.fr\/wordpress\/wp-json\/wp\/v2\/types\/page"}],"author":[{"embeddable":true,"href":"https:\/\/fdvseyssins.fr\/wordpress\/wp-json\/wp\/v2\/users\/1"}],"replies":[{"embeddable":true,"href":"https:\/\/fdvseyssins.fr\/wordpress\/wp-json\/wp\/v2\/comments?post=117"}],"version-history":[{"count":13,"href":"https:\/\/fdvseyssins.fr\/wordpress\/wp-json\/wp\/v2\/pages\/117\/revisions"}],"predecessor-version":[{"id":1330,"href":"https:\/\/fdvseyssins.fr\/wordpress\/wp-json\/wp\/v2\/pages\/117\/revisions\/1330"}],"up":[{"embeddable":true,"href":"https:\/\/fdvseyssins.fr\/wordpress\/wp-json\/wp\/v2\/pages\/2"}],"wp:attachment":[{"href":"https:\/\/fdvseyssins.fr\/wordpress\/wp-json\/wp\/v2\/media?parent=117"}],"curies":[{"name":"wp","href":"https:\/\/api.w.org\/{rel}","templated":true}]}}