{"id":115,"date":"2014-10-08T20:26:22","date_gmt":"2014-10-08T18:26:22","guid":{"rendered":"http:\/\/fdvseyssins.fr\/wordpress\/?page_id=115"},"modified":"2015-09-07T16:16:44","modified_gmt":"2015-09-07T14:16:44","slug":"statistiques","status":"publish","type":"page","link":"https:\/\/fdvseyssins.fr\/wordpress\/accueil\/statistiques\/","title":{"rendered":"Statistiques"},"content":{"rendered":"<figure id=\"attachment_499\" aria-describedby=\"caption-attachment-499\" style=\"width: 300px\" class=\"wp-caption aligncenter\"><a href=\"http:\/\/www.fdvseyssins.fr\/site\/stats\/stats.php\" target=\"_blank\"><img loading=\"lazy\" decoding=\"async\" class=\"size-medium wp-image-499\" src=\"https:\/\/fdvseyssins.fr\/wordpress\/wp-content\/uploads\/2014\/10\/Pyramide_Des_Ages_Debut_Saison_2015-2016-300x167.jpg\" alt=\"Pyramide des \u00e2ges fous du volant saison 2015-2016\" width=\"300\" height=\"167\" srcset=\"https:\/\/fdvseyssins.fr\/wordpress\/wp-content\/uploads\/2014\/10\/Pyramide_Des_Ages_Debut_Saison_2015-2016-300x167.jpg 300w, https:\/\/fdvseyssins.fr\/wordpress\/wp-content\/uploads\/2014\/10\/Pyramide_Des_Ages_Debut_Saison_2015-2016.jpg 639w\" sizes=\"auto, (max-width: 300px) 100vw, 300px\" \/><\/a><figcaption id=\"caption-attachment-499\" class=\"wp-caption-text\">Pyramide des \u00e2ges fous du volant saison 2015-2016<\/figcaption><\/figure>\n<p>Vous vous demandez qui sont les fous du volant ?<\/p>\n<p>Quel \u00e2ge ont-ils, d&rsquo;o\u00f9 viennent-ils&#8230;<\/p>\n<p>Toutes les r\u00e9ponses en temps r\u00e9el sur <a title=\"Statistiques en temps r\u00e9el des fous du volant\" href=\"http:\/\/www.fdvseyssins.fr\/site\/stats\/stats.php\" target=\"_blank\">\u00ab\u00a0http:\/\/www.fdvseyssins.fr\/site\/stats\/stats.php\u00a0\u00bb<\/a><\/p>\n<p>Vous pouvez \u00e9galement acc\u00e9der aux statistiques de l&rsquo;ann\u00e9e derni\u00e8re en suivant ce lien : <a href=\"http:\/\/www.fdvseyssins.fr\/site\/stats\/stats_2014-2015.php\" target=\"_blank\">Statistiques saison 2014-2015<\/a><\/p>\n","protected":false},"excerpt":{"rendered":"<p>Vous vous demandez qui sont les fous du volant ? Quel \u00e2ge ont-ils, d&rsquo;o\u00f9 viennent-ils&#8230; Toutes les r\u00e9ponses en temps r\u00e9el sur \u00ab\u00a0http:\/\/www.fdvseyssins.fr\/site\/stats\/stats.php\u00a0\u00bb Vous pouvez \u00e9galement acc\u00e9der aux statistiques de l&rsquo;ann\u00e9e derni\u00e8re en suivant ce lien : Statistiques saison 2014-2015<\/p>\n","protected":false},"author":1,"featured_media":0,"parent":2,"menu_order":6,"comment_status":"open","ping_status":"open","template":"","meta":{"_mc_calendar":[],"footnotes":""},"class_list":["post-115","page","type-page","status-publish","hentry"],"_links":{"self":[{"href":"https:\/\/fdvseyssins.fr\/wordpress\/wp-json\/wp\/v2\/pages\/115","targetHints":{"allow":["GET"]}}],"collection":[{"href":"https:\/\/fdvseyssins.fr\/wordpress\/wp-json\/wp\/v2\/pages"}],"about":[{"href":"https:\/\/fdvseyssins.fr\/wordpress\/wp-json\/wp\/v2\/types\/page"}],"author":[{"embeddable":true,"href":"https:\/\/fdvseyssins.fr\/wordpress\/wp-json\/wp\/v2\/users\/1"}],"replies":[{"embeddable":true,"href":"https:\/\/fdvseyssins.fr\/wordpress\/wp-json\/wp\/v2\/comments?post=115"}],"version-history":[{"count":3,"href":"https:\/\/fdvseyssins.fr\/wordpress\/wp-json\/wp\/v2\/pages\/115\/revisions"}],"predecessor-version":[{"id":500,"href":"https:\/\/fdvseyssins.fr\/wordpress\/wp-json\/wp\/v2\/pages\/115\/revisions\/500"}],"up":[{"embeddable":true,"href":"https:\/\/fdvseyssins.fr\/wordpress\/wp-json\/wp\/v2\/pages\/2"}],"wp:attachment":[{"href":"https:\/\/fdvseyssins.fr\/wordpress\/wp-json\/wp\/v2\/media?parent=115"}],"curies":[{"name":"wp","href":"https:\/\/api.w.org\/{rel}","templated":true}]}}

<figure id="attachment_499" aria-describedby="caption-attachment-499" style="width: 300px" class="wp-caption aligncenter"><a href="http://www.fdvseyssins.fr/site/stats/stats.php" target="_blank"><img loading="lazy" decoding="async" class="size-medium wp-image-499" src="https://fdvseyssins.fr/wordpress/wp-content/uploads/2014/10/Pyramide_Des_Ages_Debut_Saison_2015-2016-300x167.jpg" alt="Pyramide des âges fous du volant saison 2015-2016" width="300" height="167" srcset="https://fdvseyssins.fr/wordpress/wp-content/uploads/2014/10/Pyramide_Des_Ages_Debut_Saison_2015-2016-300x167.jpg 300w, https://fdvseyssins.fr/wordpress/wp-content/uploads/2014/10/Pyramide_Des_Ages_Debut_Saison_2015-2016.jpg 639w" sizes="auto, (max-width: 300px) 100vw, 300px" /></a><figcaption id="caption-attachment-499" class="wp-caption-text">Pyramide des âges fous du volant saison 2015-2016</figcaption></figure>
<p>Vous vous demandez qui sont les fous du volant ?</p>
<p>Quel âge ont-ils, d&rsquo;où viennent-ils&#8230;</p>
<p>Toutes les réponses en temps réel sur <a title="Statistiques en temps réel des fous du volant" href="http://www.fdvseyssins.fr/site/stats/stats.php" target="_blank">« http://www.fdvseyssins.fr/site/stats/stats.php »</a></p>
<p>Vous pouvez également accéder aux statistiques de l&rsquo;année dernière en suivant ce lien : <a href="http://www.fdvseyssins.fr/site/stats/stats_2014-2015.php" target="_blank">Statistiques saison 2014-2015</a></p>

<p>Vous vous demandez qui sont les fous du volant ? Quel âge ont-ils, d&rsquo;où viennent-ils&#8230; Toutes les réponses en temps réel sur « http://www.fdvseyssins.fr/site/stats/stats.php » Vous pouvez également accéder aux statistiques de l&rsquo;année dernière en suivant ce lien : Statistiques saison 2014-2015</p>
