{"id":111,"date":"2014-10-05T15:43:57","date_gmt":"2014-10-05T13:43:57","guid":{"rendered":"http:\/\/fdvseyssins.fr\/wordpress\/?page_id=111"},"modified":"2014-10-05T15:43:57","modified_gmt":"2014-10-05T13:43:57","slug":"histoire","status":"publish","type":"page","link":"https:\/\/fdvseyssins.fr\/wordpress\/le-badminton\/histoire\/","title":{"rendered":"Histoire"},"content":{"rendered":"<p>Vous pouvez consulter <a title=\"Histoire du badminton sur Wikip\u00e9dia\" href=\"http:\/\/fr.wikipedia.org\/wiki\/Badminton#Histoire_du_badminton\" target=\"_blank\">Wikip\u00e9dia<\/a> pour en savoir plus sur l&rsquo;histoire du badminton.<\/p>\n<p>Mais rappelez-vous que les r\u00e8gles du jeu\u00a0nous viennent initialement d&rsquo;Angleterre.<\/p>\n<p>Et que le badminton comme le football, le tennis, le rugby (etc.) n&rsquo;a pas \u00e9chapp\u00e9 \u00e0\u00a0 l&rsquo;humour anglais.<\/p>\n<p>Le volant est d\u00e9j\u00e0 une blague \u00e0 lui tout seul. Quand on est d\u00e9butant, on a beau taper dedans, il n&rsquo;avance pas. Et il arrive souvent de le louper alors que le coup paraissait si facile.<\/p>\n<p>La r\u00e8gle du service a aussi un c\u00f4t\u00e9 magique. Un d\u00e9butant ne sait jamais qui doit servir, ni de quelle c\u00f4t\u00e9, ni comment (\u00ab\u00a0Au moment de la frappe, la raquette doit \u00eatre inclin\u00e9e vers le bas et le volant doit \u00eatre frapp\u00e9 sous la taille. La taille est une ligne imaginaire situ\u00e9e au niveau de la partie la plus basse de la derni\u00e8re c\u00f4te du serveur\u00a0\u00bb)<\/p>\n<p>Par contre, heureusement le volant n&rsquo;est pas ovale,\u00a0 il n&rsquo;y a pas de r\u00e8gle de hors-jeu ni de\u00a0comptage\u00a0de\u00a015, 30, 40 avantage&#8230;<\/p>\n<p>Bon mais finalement on rigole bien, et le badminton a un\u00a0autre c\u00f4t\u00e9 magique. Il peut \u00eatre totalement mixte (homme \/ femme ou jeune \/ plus jeune) comme le quidditch !<\/p>\n","protected":false},"excerpt":{"rendered":"<p>Vous pouvez consulter Wikip\u00e9dia pour en savoir plus sur l&rsquo;histoire du badminton. Mais rappelez-vous que les r\u00e8gles du jeu\u00a0nous viennent initialement d&rsquo;Angleterre. Et que le badminton comme le football, le tennis, le rugby (etc.) n&rsquo;a pas \u00e9chapp\u00e9 \u00e0\u00a0 l&rsquo;humour anglais. Le volant est d\u00e9j\u00e0 une blague \u00e0 lui tout seul. Quand on est d\u00e9butant, on &hellip; <a href=\"https:\/\/fdvseyssins.fr\/wordpress\/le-badminton\/histoire\/\" class=\"more-link\">Continuer la lecture de <span class=\"screen-reader-text\">Histoire<\/span>  <span class=\"meta-nav\">&rarr;<\/span><\/a><\/p>\n","protected":false},"author":1,"featured_media":0,"parent":106,"menu_order":0,"comment_status":"open","ping_status":"open","template":"","meta":{"_mc_calendar":[],"footnotes":""},"class_list":["post-111","page","type-page","status-publish","hentry"],"_links":{"self":[{"href":"https:\/\/fdvseyssins.fr\/wordpress\/wp-json\/wp\/v2\/pages\/111","targetHints":{"allow":["GET"]}}],"collection":[{"href":"https:\/\/fdvseyssins.fr\/wordpress\/wp-json\/wp\/v2\/pages"}],"about":[{"href":"https:\/\/fdvseyssins.fr\/wordpress\/wp-json\/wp\/v2\/types\/page"}],"author":[{"embeddable":true,"href":"https:\/\/fdvseyssins.fr\/wordpress\/wp-json\/wp\/v2\/users\/1"}],"replies":[{"embeddable":true,"href":"https:\/\/fdvseyssins.fr\/wordpress\/wp-json\/wp\/v2\/comments?post=111"}],"version-history":[{"count":1,"href":"https:\/\/fdvseyssins.fr\/wordpress\/wp-json\/wp\/v2\/pages\/111\/revisions"}],"predecessor-version":[{"id":112,"href":"https:\/\/fdvseyssins.fr\/wordpress\/wp-json\/wp\/v2\/pages\/111\/revisions\/112"}],"up":[{"embeddable":true,"href":"https:\/\/fdvseyssins.fr\/wordpress\/wp-json\/wp\/v2\/pages\/106"}],"wp:attachment":[{"href":"https:\/\/fdvseyssins.fr\/wordpress\/wp-json\/wp\/v2\/media?parent=111"}],"curies":[{"name":"wp","href":"https:\/\/api.w.org\/{rel}","templated":true}]}}