{"id":109,"date":"2014-10-05T15:26:29","date_gmt":"2014-10-05T13:26:29","guid":{"rendered":"http:\/\/fdvseyssins.fr\/wordpress\/?page_id=109"},"modified":"2024-10-05T14:27:10","modified_gmt":"2024-10-05T12:27:10","slug":"regles-du-jeu","status":"publish","type":"page","link":"https:\/\/fdvseyssins.fr\/wordpress\/le-badminton\/regles-du-jeu\/","title":{"rendered":"R\u00e8gles du jeu"},"content":{"rendered":"<p>Les r\u00e8gles du jeu sont disponibles sur le site de la f\u00e9d\u00e9ration fran\u00e7aise de badminton :<\/p>\n<ul>\n<li><a title=\"Lien vers r\u00e8gles simplifi\u00e9es badminton sur site ffbad.org\" href=\"https:\/\/www.ffbad.org\/pratiquer-comment-jouer-au-badminton\" target=\"_blank\" rel=\"noopener\">R\u00e8gles simplifi\u00e9es<\/a><\/li>\n<li><a title=\"R\u00e8gles compl\u00e8tes du badminton sur site ffbad.org\" href=\"https:\/\/frontwebservice.ffbad.org\/storage\/documents\/pages\/Pratiquer\/Comment_jouer_au_badminton\/vscfot-2409-regles-officielles-du-badminton-version-2024-08-30.pdf\" target=\"_blank\" rel=\"noopener\">R\u00e8gles compl\u00e8tes<\/a><\/li>\n<\/ul>\n","protected":false},"excerpt":{"rendered":"<p>Les r\u00e8gles du jeu sont disponibles sur le site de la f\u00e9d\u00e9ration fran\u00e7aise de badminton : R\u00e8gles simplifi\u00e9es R\u00e8gles compl\u00e8tes<\/p>\n","protected":false},"author":1,"featured_media":0,"parent":106,"menu_order":0,"comment_status":"open","ping_status":"open","template":"","meta":{"_mc_calendar":[],"footnotes":""},"class_list":["post-109","page","type-page","status-publish","hentry"],"_links":{"self":[{"href":"https:\/\/fdvseyssins.fr\/wordpress\/wp-json\/wp\/v2\/pages\/109","targetHints":{"allow":["GET"]}}],"collection":[{"href":"https:\/\/fdvseyssins.fr\/wordpress\/wp-json\/wp\/v2\/pages"}],"about":[{"href":"https:\/\/fdvseyssins.fr\/wordpress\/wp-json\/wp\/v2\/types\/page"}],"author":[{"embeddable":true,"href":"https:\/\/fdvseyssins.fr\/wordpress\/wp-json\/wp\/v2\/users\/1"}],"replies":[{"embeddable":true,"href":"https:\/\/fdvseyssins.fr\/wordpress\/wp-json\/wp\/v2\/comments?post=109"}],"version-history":[{"count":4,"href":"https:\/\/fdvseyssins.fr\/wordpress\/wp-json\/wp\/v2\/pages\/109\/revisions"}],"predecessor-version":[{"id":1331,"href":"https:\/\/fdvseyssins.fr\/wordpress\/wp-json\/wp\/v2\/pages\/109\/revisions\/1331"}],"up":[{"embeddable":true,"href":"https:\/\/fdvseyssins.fr\/wordpress\/wp-json\/wp\/v2\/pages\/106"}],"wp:attachment":[{"href":"https:\/\/fdvseyssins.fr\/wordpress\/wp-json\/wp\/v2\/media?parent=109"}],"curies":[{"name":"wp","href":"https:\/\/api.w.org\/{rel}","templated":true}]}}